{"id":330,"date":"2018-02-10T11:00:22","date_gmt":"2018-02-10T10:00:22","guid":{"rendered":"http:\/\/new.schultafel24.eu\/Individual\/index.php\/impressum-2\/"},"modified":"2025-07-18T10:55:38","modified_gmt":"2025-07-18T08:55:38","slug":"impressum-2","status":"publish","type":"page","link":"https:\/\/schultafel24.eu\/index.php\/impressum-2\/","title":{"rendered":"Impressum"},"content":{"rendered":"<p>Impressum<br \/>\nGesetzliche Anbieterkennung:<br \/>\nPOV GmbH<br \/>\ndiese vertreten durch den Gesch\u00e4ftsf\u00fchrer Claudia Henkel<br \/>\nSchmielenweg 66<br \/>\n41372 Niederkr\u00fcchten<br \/>\nDeutschland<br \/>\nTelefon: 021634999676<br \/>\nTelefax: 021634999675<br \/>\nE-Mail: info@pov-gmbh.de<br \/>\nUSt-IdNr.: DE171397238<br \/>\neingetragen im Handelsregister des Amtsgerichtes M\u00f6nchengladbach<br \/>\nHandelsregisternummer HRB HRB 11515<\/p>\n","protected":false},"excerpt":{"rendered":"<p>Impressum Gesetzliche Anbieterkennung: POV GmbH diese vertreten durch den Gesch\u00e4ftsf\u00fchrer Claudia Henkel Schmielenweg 66 41372 Niederkr\u00fcchten Deutschland Telefon: 021634999676 Telefax: 021634999675 E-Mail: info@pov-gmbh.de USt-IdNr.: DE171397238 eingetragen<span class=\"excerpt-hellip\"> [\u2026]<\/span><\/p>\n","protected":false},"author":1,"featured_media":0,"parent":0,"menu_order":0,"comment_status":"closed","ping_status":"closed","template":"","meta":{"spay_email":""},"jetpack_sharing_enabled":true,"jetpack_shortlink":"https:\/\/wp.me\/P9EdkG-5k","_links":{"self":[{"href":"https:\/\/schultafel24.eu\/index.php\/wp-json\/wp\/v2\/pages\/330"}],"collection":[{"href":"https:\/\/schultafel24.eu\/index.php\/wp-json\/wp\/v2\/pages"}],"about":[{"href":"https:\/\/schultafel24.eu\/index.php\/wp-json\/wp\/v2\/types\/page"}],"author":[{"embeddable":true,"href":"https:\/\/schultafel24.eu\/index.php\/wp-json\/wp\/v2\/users\/1"}],"replies":[{"embeddable":true,"href":"https:\/\/schultafel24.eu\/index.php\/wp-json\/wp\/v2\/comments?post=330"}],"version-history":[{"count":4,"href":"https:\/\/schultafel24.eu\/index.php\/wp-json\/wp\/v2\/pages\/330\/revisions"}],"predecessor-version":[{"id":1613,"href":"https:\/\/schultafel24.eu\/index.php\/wp-json\/wp\/v2\/pages\/330\/revisions\/1613"}],"wp:attachment":[{"href":"https:\/\/schultafel24.eu\/index.php\/wp-json\/wp\/v2\/media?parent=330"}],"curies":[{"name":"wp","href":"https:\/\/api.w.org\/{rel}","templated":true}]}}