{"id":56,"date":"2017-12-05T09:19:16","date_gmt":"2017-12-05T08:19:16","guid":{"rendered":"http:\/\/new.schultafel24.eu\/Individual\/?page_id=56"},"modified":"2020-09-28T12:06:21","modified_gmt":"2020-09-28T10:06:21","slug":"bedruckte-tafeln","status":"publish","type":"page","link":"https:\/\/schultafel24.eu\/index.php\/bedruckte-tafeln\/","title":{"rendered":"bedruckte Tafeln"},"content":{"rendered":"<p><b>Tafeln bedrucken:<\/b><br \/>\nDie ideale L\u00f6sung f\u00fcr das Visualisieren von Prozessen, geplanten Aktivit\u00e4ten und Memos. Wir bedrucken Tafeln mit Ihrem Firmenlogo. Sie k\u00f6nnen selbst einen Entwurf f\u00fcr Ihr eigenes Whiteboard anfertigen. Wir bedrucken Whiteboards, Pinnw\u00e4nde und Glastafeln in Full Colour und in jedem Format. Bei Whiteboards setzen wir eine Spezialtechnik ein, wobei die Tinte in die Deckschicht eingeschlossen wird, damit sie besser gegen Kratzer und Verf\u00e4rbung (UV-resistent) gesch\u00fctzt ist.<\/p>\n<p><b>Funktionell:<\/b><br \/>\nEin bedrucktes Whiteboard ist magnethaltig und trocken abwischbar und f\u00fcr zahlreiche Anwendungen geeignet. Plantafeln, Landkarten, Grundrisse oder Tafeln f\u00fcr die Visualisierung Ihrer Prozesse, wir bedrucken sie f\u00fcr Sie. Neben losen Tafeln bedrucken wir auch Trennw\u00e4nde, Lineaturen und gro\u00dfe Paneele f\u00fcr Wandverkleidungen. Ihr Hausstil auf einer Tafel f\u00fcr eine professionelle Ausstrahlung<\/p>\n<p><b>Dekorativ:<\/b><br \/>\nNeben dem Bedrucken funktioneller Tafeln fertigen wir auch h\u00fcbsche dekorative Aufdrucke auf speziellen Aluminiumoberfl\u00e4chen, eingearbeitet in einen Holzrahmen. Sie haben die Auswahl aus einem unserer Standard-Prints oder Sie liefern uns selbst eine Abbildung an. Die Prints k\u00f6nnen in Hochglanz oder Matt in herausragender Qualit\u00e4t ausgef\u00fchrt werden. Ideal f\u00fcr Unternehmen, Gestalter und Innenarchitekten.<\/p>\n<p><b>DTP-Entwurf:<\/b><br \/>\nLiefern Sie selbst einen Entwurf, w\u00e4hlen Sie aus unserer gro\u00dfen Kollektion an Entw\u00fcrfen oder fertigen Sie gemeinsam mit unserer DTP-Abteilung einen Entwurf an. Wir stellen keine Anlaufkosten in Rechnung, Sie zahlen also immer den niedrigsten Preis.<\/p>\n<p><b>Herstellung und Bedrucken von Tafeln in eigener Regie:<\/b><br \/>\nDer Aufdruck wird auf den Whiteboards in eigener Fertigung vorgenommen. Die bedruckten Whiteboards zeichnen sich durch eine lange Lebensdauer aus, auch bei \u00e4u\u00dferst intensiver Nutzung. Von losen Tafeln bis hin zu gro\u00dfen Mengen, wir liefern schnell aus eigenem Vorrat. Wir helfen Ihnen gerne bei der Anfertigung eines Entwurfs f\u00fcr das Whiteboard weiter.<\/p>\n","protected":false},"excerpt":{"rendered":"<p>Tafeln bedrucken: Die ideale L\u00f6sung f\u00fcr das Visualisieren von Prozessen, geplanten Aktivit\u00e4ten und Memos. Wir bedrucken Tafeln mit Ihrem Firmenlogo. Sie k\u00f6nnen selbst einen Entwurf f\u00fcr<span class=\"excerpt-hellip\"> [\u2026]<\/span><\/p>\n","protected":false},"author":1,"featured_media":0,"parent":0,"menu_order":0,"comment_status":"closed","ping_status":"closed","template":"","meta":{"spay_email":""},"jetpack_sharing_enabled":true,"jetpack_shortlink":"https:\/\/wp.me\/P9EdkG-U","_links":{"self":[{"href":"https:\/\/schultafel24.eu\/index.php\/wp-json\/wp\/v2\/pages\/56"}],"collection":[{"href":"https:\/\/schultafel24.eu\/index.php\/wp-json\/wp\/v2\/pages"}],"about":[{"href":"https:\/\/schultafel24.eu\/index.php\/wp-json\/wp\/v2\/types\/page"}],"author":[{"embeddable":true,"href":"https:\/\/schultafel24.eu\/index.php\/wp-json\/wp\/v2\/users\/1"}],"replies":[{"embeddable":true,"href":"https:\/\/schultafel24.eu\/index.php\/wp-json\/wp\/v2\/comments?post=56"}],"version-history":[{"count":4,"href":"https:\/\/schultafel24.eu\/index.php\/wp-json\/wp\/v2\/pages\/56\/revisions"}],"predecessor-version":[{"id":309,"href":"https:\/\/schultafel24.eu\/index.php\/wp-json\/wp\/v2\/pages\/56\/revisions\/309"}],"wp:attachment":[{"href":"https:\/\/schultafel24.eu\/index.php\/wp-json\/wp\/v2\/media?parent=56"}],"curies":[{"name":"wp","href":"https:\/\/api.w.org\/{rel}","templated":true}]}}